 highest common divisor of r and 572?
52
Let u = 815 - -17. What is the highest common divisor of 702 and u?
26
Let t be 447/(-745) + (-93)/(-5). What is the highest common divisor of t and 477?
9
Let t(g) = 190*g + 735. Let b be t(-3). What is the highest common divisor of 105 and b?
15
Let f(k) = -25*k + 369. Let r be f(13). Suppose -4*n = -5*h - 617, -n - 43*h = -r*h - 154. Calculate the greatest common divisor of n and 9.
9
Suppose 5*z = -4*k + 6*k - 13530, -20278 = -3*k - z. Suppose 0 = 2*v - 12*v + k. Suppose -2*g - 2*g + v = 0. What is the greatest common divisor of g and 13?
13
Let v = 516 + -260. Let j = 1464 - 1432. Calculate the greatest common divisor of j and v.
32
Let s(l) = -63*l**3 + 3*l**2 + 4*l + 2. Let p be s(-1). Suppose 0 = 2*d - 208 + p. Calculate the highest common factor of 27 and d.
9
Let l(d) = 2*d**3 + 29*d**2 + 13*d - 6. Let o be l(-14). Suppose 2*t = 7 + 65. Calculate the greatest common divisor of o and t.
4
Let c = -6529 - -6794. What is the highest common factor of c and 2279?
53
Suppose -91*s = -87*s - 836. What is the highest common factor of s and 1121?
19
Let s(i) = -i**2 + i + 110. Let f be s(0). Let v(h) = 6*h + 60. Let t be v(-9). Let l be 38/2 + (0 - t/(-2)). What is the highest common divisor of f and l?
22
Suppose -8 = -13*a + 9*a. Suppose 292 = 7*i - 338. Suppose i = 10*w - w. What is the highest common factor of a and w?
2
Let k = -7091 - -7203. Calculate the highest common divisor of k and 2184.
56
Let d = 224 - 122. Suppose s - d = 2*p + 4*s, -4*s + 62 = -p. Let w = -43 - p. Calculate the greatest common divisor of w and 44.
11
Let p = -585 - -3222. What is the greatest common divisor of 72 and p?
9
Let s be -2 - (2/10 - 4/(-5)). Let k be (s/6 - -1)*38. Let g = k + -3. Calculate the greatest common divisor of 16 and g.
16
Let d(i) = -2*i**3 - 8 - 12*i**2 - 22*i + 59*i**2 - 10. Let k be d(23). What is the greatest common factor of k and 35?
5
Let u be (-1 + -1*5)*(1 + -2). Let m be (16/u)/((-4)/(-24)). Calculate the greatest common divisor of m and 2.
2
Let s be (4 + 2)*(-9 + (-384)/(-18)). What is the greatest common divisor of 5402 and s?
74
Let o = -266 + 268. Suppose -3*g = -o*j - 133 - 126, 5*g - 436 = -j. Calculate the greatest common divisor of 87 and g.
87
Suppose -2*m + 306 + 872 = 0. Let w = 899 - m. What is the greatest common divisor of w and 20?
10
Let b = -502 - -462. Let l be (-2 - -27)/((6 + -11)/b). Calculate the greatest common divisor of l and 120.
40
Let j be (1 - 5)/(16/(-24)). Let b be -3*(j/((-24)/(-20)) - 13). What is the greatest common divisor of b and 552?
24
Suppose 7*z - 1069 = 1983. Suppose 3*m - 78 = -4*r + 470, 3*r - z = 4*m. Calculate the greatest common factor of 10 and r.
10
Let y be 10*-2*(-2)/1. Suppose 13*k - 12*k = -g + 1, -9 = -4*g - 5*k. Let b be (140/56)/((-2)/g). What is the greatest common divisor of b and y?
5
Let q be (5 - -454) + -2 + -1. Suppose 9*z = 4*o + 13*z - q, 216 = 2*o - z. What is the highest common divisor of 10 and o?
10
Let f be (1 - -11) + -5 - 3. Suppose 3*o = 10 - f. Let v be -1*2/2*-4. What is the highest common divisor of o and v?
2
Let m be 41 + -2 + (3 - 0). Suppose -m = -14*p + 42. What is the greatest common factor of p and 42?
6
Suppose -u - 3 = d - 31, 54 = 2*u + 3*d. Let n(a) = a**2 - 6*a + 3. Let o be n(-6). What is the greatest common factor of o and u?
15
Let x be ((-2)/3)/(2/(-3)). Let o be 121/(-22)*(0/3 - -2). Let h(v) = -v**2 - 13*v - 21. Let r be h(o). What is the greatest common factor of x and r?
1
Suppose 0 = 4*i + 5*t - 70, 0 = i - t - 7 - 15. Suppose -i*l = -9*l - 165. Let w = 25 - -5. Calculate the highest common divisor of w and l.
15
Let y be (774/(-21))/(2 - (-365)/(-175)). Let v = -64 - -107. Calculate the greatest common divisor of v and y.
43
Let n be (-884)/(-1989) + 446/9. Calculate the greatest common factor of n and 1570.
10
Let p be ((-43)/(-14))/((-7)/(-252)) + 18/42. Calculate the greatest common divisor of p and 814.
37
Suppose 3*h - p = 1467 - 340, -5*p - 1510 = -4*h. What is the greatest common factor of h and 15?
15
Let a = -26 - -1917. Calculate the highest common factor of 61 and a.
61
Let o be 44154/7 - ((-16)/56 - 0)/1. Calculate the greatest common divisor of o and 83.
83
Suppose -5*z = 5*u - 4*z - 20, 3*u - 5*z = 12. Let c be u/3*(4 + -1). Let s = 888 - 887. Calculate the greatest common factor of s and c.
1
Let i(s) = 18*s**2 + 738*s + 13471. Let d be i(-18). What is the highest common factor of 65 and d?
13
Suppose 3*x - 205 = -2*o - 1208, -3*x = 9. Let n = o + 540. Let a be 2*-1 - 15*-3. Calculate the greatest common factor of a and n.
43
Let j(m) = 3*m**2 + 10*m. Let s(l) = -l**2 - 5*l + 10. Let h be s(2). Let n be j(h). What is the greatest common factor of 24 and n?
8
Let y(g) = 106*g + 1280. Let d be y(-12). Suppose 0 = -i + 4*p + 120, -4*p - 290 = -2*i - 34. What is the greatest common divisor of d and i?
8
Let j(l) = 4*l**3 - 72*l**2 - 63*l + 5. Let o be j(19). What is the highest common factor of 1064 and o?
28
Let p(x) = -398 - 8*x**2 - x**3 + 19*x + 800 - 382. Let o be p(-12). Calculate the greatest common divisor of 23 and o.
23
Suppose 5*m = s - 10, -m + 2 = 3. Suppose 3*z - 2*c = -4*c - 1, -s*z + 2*c = -25. Calculate the highest common factor of z and 3.
3
Let d(w) = -2*w**2 - 23*w - 18. Let l be d(-14). Let c be 105/33 + 16/l. Calculate the highest common factor of c and 36.
3
Suppose 75*u - 89*u + 30 + 432 = 0. What is the greatest common divisor of u and 264?
33
Suppose 0 = -3*v + 3*i + 189, v - 7*i = -4*i + 63. Let c be (2 - -1)*(-3 + 6). Calculate the greatest common factor of c and v.
9
Let f = 486 + -1006. Let t = 735 + f. What is the highest common factor of 43 and t?
43
Suppose 3*c - 130 = -g, 443*c = 447*c + g - 172. Calculate the greatest common factor of 112 and c.
14
Let o be 11 + 3*(-25)/15. Suppose -30 - 50 = -5*r. Suppose -4 = -5*i + r. What is the highest common divisor of o and i?
2
Let g be (129/2)/((-132)/(-616)). Let b = 115 + g. What is the greatest common divisor of 26 and b?
26
Let z = 216 + -214. Suppose -3*p - 5*w = -7*p + 970, 498 = z*p + 4*w. Calculate the greatest common divisor of p and 98.
49
Let f = -20897 - -20908. Calculate the greatest common divisor of f and 13211.
11
Suppose -41*m = -2*i - 35*m + 162, -2*m - 174 = -2*i. What is the highest common factor of 170 and i?
10
Suppose 135*p - 144*p + 81 = 0. Suppose i - p = -z, 0*z - z = 2*i - 11. Let u be (-3 - (-13)/5)*-70. What is the highest common factor of z and u?
7
Suppose -3*b + 485 = 5*s, 2*s - s = 1. Suppose 0*m = -5*m + 50. Calculate the greatest common divisor of m and b.
10
Suppose 0 = 4*y + 2*h + 366, -105 = 4*y + h + 266. Let i = -24 - y. Let a(m) = -m + 10. Let r be a(0). Calculate the greatest common divisor of r and i.
10
Let y be (-4)/(-150)*-3 - ((-14012)/775 - 6). What is the highest common factor of y and 304?
8
Suppose -2*u - m = -290, 3*u - 513 = -2*m - 76. What is the greatest common factor of u and 39?
13
Suppose -12 = -34*n + 30*n. Let v(s) = -s**2 + 4*s. Let x be v(n). What is the greatest common factor of x and 48?
3
Let l = -136 - -132. Let n(d) = -2*d**2 - 7*d + 6. Let z be n(l). Let j be z/(-8) - (29/(-4) - 6). What is the highest common factor of 117 and j?
13
Let k(y) = -y**2 - 15*y - 11. Let w = 174 + -184. Let x be k(w). What is the highest common divisor of x and 273?
39
Let k be (-9)/9*7 - 7232/(-8). Calculate the greatest common divisor of k and 276.
69
Suppose -35*o = -5207 + 406 - 8954. What is the greatest common factor of 6 and o?
3
Let l = -22126 - -22143. Calculate the highest common factor of l and 35564.
17
Suppose 168 = 5*j - 147. Suppose 0 = -2*l + 8, 2*a + l - 180 = -174. Calculate the greatest common divisor of j and a.
1
Let o(a) = a**3 - 6*a**2 + 3*a + 87. Let m be o(10). What is the highest common divisor of m and 33?
11
Let f(q) = 2*q + 16. Let r be f(-7). Let b be 2/4 + 7/r. Suppose -2*c - 4*a = -254, -b*c + 777 = -a + 305. Calculate the greatest common divisor of 17 and c.
17
Suppose -1474*h + 1485*h = 363. Calculate the greatest common factor of 3201 and h.
33
Suppose -q = 4*c - 403, 3*q - 2*q = -2*c + 199. Calculate the highest common factor of c and 7242.
102
Let r(d) = -d**3 + 22*d**2 - 52*d - 14. Let o be r(19). What is the greates